{"id":748,"date":"2016-03-10T18:52:12","date_gmt":"2016-03-10T17:52:12","guid":{"rendered":"https:\/\/default.houzez.co\/?page_id=748"},"modified":"2023-12-18T11:11:20","modified_gmt":"2023-12-18T10:11:20","slug":"pribatutasun-politika","status":"publish","type":"page","link":"https:\/\/amaikapruebak.gege.es\/eus\/pribatutasun-politika\/","title":{"rendered":"Pribatutasun politika"},"content":{"rendered":"<p>En cumplimiento de lo previsto en el Reglamento General de Protecci\u00f3n de Datos de la Uni\u00f3n Europea (\u201c<strong>RGPD<\/strong>\u201d), as\u00ed como la normativa nacional que en su caso resulte de aplicaci\u00f3n, le informamos de que los datos de car\u00e1cter personal facilitados por su parte ser\u00e1n objeto de tratamiento en los t\u00e9rminos que se indican a continuaci\u00f3n.<\/p>\n<p><strong>RESPONSABLE DEL TRATAMIENTO<\/strong><\/p>\n<p>Los datos de contacto del responsable del tratamiento de los datos son:<\/p>\n<ul>\n<li>Raz\u00f3n Social: M\u00aa Carmen Irastorza Alustia y otro Cb<\/li>\n<li>Direcci\u00f3n postal: Gudari 9 bajo, 20400 Tolosa, Gipuzkoa.<\/li>\n<li>Tel\u00e9fono: 943 655 675<\/li>\n<li>Corrreo electr\u00f3nico:\u00a0<a href=\"mailto:amaika@amaika.eus\">amaika@amaika.eus<\/a><\/li>\n<\/ul>\n<p>&nbsp;<\/p>\n<p><strong>FINALIDADES Y BASE LEGAL DEL TRATAMIENTO<\/strong><\/p>\n<p><strong>Amaika<\/strong>\u00a0podr\u00e1 tratar sus datos de car\u00e1cter personal sobre la base jur\u00eddica y finalidades que se indican a continuaci\u00f3n.<\/p>\n<p><strong>TRATAMIENTO DE DATOS PERSONALES<\/strong><\/p>\n<p>La finalidad del tratamiento de los datos personales que se puedan recoger son usarlos principalmente por el titular para la gesti\u00f3n de su relaci\u00f3n con usted para poder ofrecerle productos y servicios de acuerdo con sus intereses, mejorar su experiencia de usuario y en su caso, para el tratamiento de sus solicitudes, peticiones o pedidos. Se elaborar\u00e1 un perfil comercial en base a la informaci\u00f3n que facilite. No se realizar\u00e1n decisiones automatizadas en base a dicho perfil.<\/p>\n<p>Los datos proporcionados se conservar\u00e1n mientras se mantenga la relaci\u00f3n comercial, siempre que no se solicite por el interesado su supresi\u00f3n o durante los a\u00f1os necesarios para cumplir las obligaciones legales.<\/p>\n<p><strong>TRATAMIENTO DE SUS DATOS<\/strong><\/p>\n<p>Gesti\u00f3n, ejecuci\u00f3n, cumplimiento y control de la relaci\u00f3n contractual establecida entre usted y\u00a0<strong>Amaika<\/strong>, sobre la base de la existencia de dicha relaci\u00f3n.<\/p>\n<p>Asimismo,\u00a0<strong>Amaika<\/strong>, sobre la base de su inter\u00e9s leg\u00edtimo en la fidelizaci\u00f3n de sus proveedores, podr\u00e1 remitirles invitaciones a eventos relacionados con los productos y servicios. Le informamos de que\u00a0<strong>Amaika<\/strong>, sobre la base de su inter\u00e9s leg\u00edtimo de promocionar los eventos que realiza, podr\u00e1 obtener im\u00e1genes durante la celebraci\u00f3n de estos e incluirlas en las publicaciones que a este respecto se puedan realizar.<\/p>\n<p>En cualquier caso, podr\u00e1 ejercitar su derecho de oposici\u00f3n en los t\u00e9rminos previstos en la presente cl\u00e1usula.<\/p>\n<p><strong>CONSERVACI\u00d3N DE SUS DATOS DE CAR\u00c1CTER PERSONAL<\/strong><\/p>\n<p><strong>Amaika<\/strong>\u00a0conservar\u00e1 sus datos mientras se mantenga la relaci\u00f3n contractual con usted o durante el tiempo necesario para llevar a cabo el tratamiento en cuesti\u00f3n, as\u00ed como durante el plazo de caducidad o prescripci\u00f3n de las acciones previstas en la normativa aplicable.<\/p>\n<p>Las grabaciones y la informaci\u00f3n relativa a los accesos a las instalaciones se conservar\u00e1n durante un per\u00edodo de un mes desde su recogida, tras lo cual ser\u00e1n eliminadas, salvo cuando hubieran de ser conservadas para acreditar la comisi\u00f3n de actos que atenten contra la integridad de personas, bienes o instalaciones.<\/p>\n<p><strong>DESTINATARIOS DE LOS DATOS DE CAR\u00c1CTER PERSONAL Y TRANSFERENCIAS INTERNACIONALES<\/strong><\/p>\n<p>Los datos personales del Usuario podr\u00e1n eventualmente ser comunicados a terceros relacionados con el titular por contrato para la realizaci\u00f3n de las tareas necesarias para la gesti\u00f3n de su cuenta como cliente y sin que tenga que dar su autorizaci\u00f3n.<\/p>\n<p>Tambi\u00e9n cuando tuvieran que hacerse comunicaciones a las autoridades en caso de que el Usuario hubiera realizado acciones contrarias a la Ley o incumplido el contenido del aviso legal.<\/p>\n<p>Los datos del Usuario podr\u00e1n comunicarse a otras empresas del grupo, si las hubiese, para fines administrativos internos que podr\u00edan suponer un tratamiento de esos datos.<\/p>\n<p>Los datos personales del Usuario podr\u00e1n transferirse a un tercer pa\u00eds o a una organizaci\u00f3n internacional, pero se le deber\u00e1 informar cuando se vaya a producir esa transferencia, y de las condiciones de esta y del destinatario.<\/p>\n<p>Cuando algunos datos sean obligatorios para acceder a funcionalidad concretas del sitio web, el titular indicar\u00e1 dicho car\u00e1cter obligatorio en el momento de la recogida de datos del Usuario.<\/p>\n<p><strong>DERECHOS DEL USUARIO<\/strong><\/p>\n<p>Se informa al usuario de la posibilidad de ejercer sus derechos de acceso, rectificaci\u00f3n, cancelaci\u00f3n y oposici\u00f3n. Tambi\u00e9n cada persona dispone del derecho de limitaci\u00f3n del tratamiento relativo a su persona, de un derecho de eliminaci\u00f3n de transferencia de datos personales transmitidos al responsable del tratamiento y del derecho a la portabilidad de sus datos.<\/p>\n<p>El usuario tiene la posibilidad de presentar una reclamaci\u00f3n ante la AEPD (Agencia Espa\u00f1ola de Protecci\u00f3n de Datos) u organismo competente de la respectiva Comunidad Aut\u00f3noma, cuando no haya obtenido una soluci\u00f3n satisfactoria en el ejercicio de sus derechos mediante un escrito dirigido a la misma.<\/p>\n<p>Salvo que el Usuario se oponga, enviando un email a la direcci\u00f3n de correo electr\u00f3nico\u00a0<a href=\"mailto:amaika@amaika.eus\">amaika@amaika.eus<\/a>, sus datos podr\u00e1n ser utilizados, en su caso, si procede, para el env\u00edo de informaci\u00f3n comercial de\u00a0<strong>Amaika<\/strong>.<\/p>\n<p>Los datos proporcionados se conservar\u00e1n mientras se mantenga la relaci\u00f3n comercial o durante los a\u00f1os necesarios para cumplir las obligaciones legales.<\/p>\n<p>El Usuario es responsable de que la informaci\u00f3n que proporciones a trav\u00e9s de esta p\u00e1gina web sea cierta, respondiendo de la exactitud de todos los datos que comunique y mantendr\u00e1 actualizada la misma para que reflejen una situaci\u00f3n real, siendo responsable de informaciones falsas o inexactas que proporcione y de los da\u00f1os, molestias y problemas que pudieran causar a\u00a0<strong>Amaika<\/strong>\u00a0o a terceros.<\/p>\n<p>Esa informaci\u00f3n ser\u00e1 guardada y gestionada con da debida confidencialidad, aplicando las medidas de seguridad inform\u00e1tica necesarias para impedir el acceso o uso indebido de sus datos, su manipulaci\u00f3n, deterioro o p\u00e9rdida.<\/p>\n<p>No obstante, el Usuario debe tener en cuenta que la seguridad de los sistemas inform\u00e1ticos nunca es absoluta. Cuando se facilitan datos personales por internet, dicha informaci\u00f3n pudiera ser recogida sin su consentimiento y tratada por terceros no autorizados.\u00a0<strong>Amaika<\/strong>\u00a0rechaza, cualquier tipo de responsabilidad sobre las consecuencias de esos actos puedan tener para el usuario, si public\u00f3 la informaci\u00f3n voluntariamente.<\/p>\n<p>Podr\u00e1 acceder y ejercitar esos derechos mediante solicitud por escrito y firmada que podr\u00e1 ser enviada al domicilio: Gudari 9 bajo, 20400 Tolosa, Gipuzkoa, adjuntando fotocopia del DNI o documento equivalente.<\/p>\n<p>Tambi\u00e9n podr\u00e1 ser enviada la solicitud al siguiente correo electr\u00f3nico: <a href=\"mailto:amaika@amaika.eus\">amaika@amaika.eus<\/a><strong>.<\/strong><\/p>\n<p>Estos derechos ser\u00e1n atendidos, en el plazo de 1 mes, que podr\u00e1 ampliarse a 2 meses si la complejidad de la solicitud o el n\u00famero de solicitudes recibidas as\u00ed lo exige. Todo ello sin perjuicio del deber de conservar ciertos datos en los t\u00e9rminos legales y hasta que prescriban las posibles responsabilidades derivadas de un posible tratamiento, o, en su caso, de una relaci\u00f3n contractual.<\/p>\n<p>Adem\u00e1s de lo anterior, y en relaci\u00f3n con la normativa de protecci\u00f3n de datos, los usuarios que lo soliciten tienen la posibilidad de organizar el destino de sus datos despu\u00e9s de su fallecimiento.<\/p>\n","protected":false},"excerpt":{"rendered":"<p>En cumplimiento de lo previsto en el Reglamento General de Protecci\u00f3n de Datos de la Uni\u00f3n Europea (\u201cRGPD\u201d), as\u00ed como la normativa nacional que en su caso resulte de aplicaci\u00f3n, le informamos de que los datos de car\u00e1cter personal facilitados por su parte ser\u00e1n objeto de tratamiento en los t\u00e9rminos que se indican a continuaci\u00f3n. [&hellip;]<\/p>\n","protected":false},"author":1,"featured_media":0,"parent":0,"menu_order":0,"comment_status":"closed","ping_status":"closed","template":"template\/template-page.php","meta":{"footnotes":""},"class_list":["post-748","page","type-page","status-publish","hentry"],"aioseo_notices":[],"_links":{"self":[{"href":"https:\/\/amaikapruebak.gege.es\/eus\/wp-json\/wp\/v2\/pages\/748","targetHints":{"allow":["GET"]}}],"collection":[{"href":"https:\/\/amaikapruebak.gege.es\/eus\/wp-json\/wp\/v2\/pages"}],"about":[{"href":"https:\/\/amaikapruebak.gege.es\/eus\/wp-json\/wp\/v2\/types\/page"}],"author":[{"embeddable":true,"href":"https:\/\/amaikapruebak.gege.es\/eus\/wp-json\/wp\/v2\/users\/1"}],"replies":[{"embeddable":true,"href":"https:\/\/amaikapruebak.gege.es\/eus\/wp-json\/wp\/v2\/comments?post=748"}],"version-history":[{"count":4,"href":"https:\/\/amaikapruebak.gege.es\/eus\/wp-json\/wp\/v2\/pages\/748\/revisions"}],"predecessor-version":[{"id":19795,"href":"https:\/\/amaikapruebak.gege.es\/eus\/wp-json\/wp\/v2\/pages\/748\/revisions\/19795"}],"wp:attachment":[{"href":"https:\/\/amaikapruebak.gege.es\/eus\/wp-json\/wp\/v2\/media?parent=748"}],"curies":[{"name":"wp","href":"https:\/\/api.w.org\/{rel}","templated":true}]}}